ase 3
201122012020
What is -10434401 (base 5) in base 8?
-265655
What is -112111303 (base 4) in base 2?
-10110010101110011
313131320 (base 4) to base 12
ab588
Convert 68161 (base 12) to base 2.
100001110011011001
-212112100021 (base 3) to base 10
-463165
-10526050 (base 8) to base 3
-11021110000010
-1214454452 (base 6) to base 10
-13942112
Convert -3a102a (base 14) to base 8.
-7503036
Convert -315763 (base 8) to base 14.
-2a60b
-16161161 (base 7) to base 11
-976959
What is -1c903ab (base 13) in base 11?
-5426618
Convert -3002312034 (base 5) to base 3.
-102002210111122
What is -100101000100000000001111 (base 2) in base 7?
-145403510
Convert -12021220012 (base 3) to base 7.
-612464
Convert -4727a (base 11) to base 10.
-68210
Convert -105923 (base 10) to base 9.
-171262
4606111 (base 7) to base 15
b4e1d
Convert -122101111121 (base 3) to base 6.
-11200324
What is 71236 (base 11) in base 12?
502ab
Convert -201001102021 (base 3) to base 7.
-3121216
What is -202002201210120 (base 3) in base 10?
-10682619
What is -111011100000000101001 (base 2) in base 9?
-3601474
What is 1030110313 (base 4) in base 15?
62971
110020201010 (base 3) to base 14
63c06
Convert 61063116 (base 7) to base 4.
103112313210
Convert 5286707 (base 9) to base 10.
2832739
What is 242576 (base 8) in base 13?
2bc09
Convert 771b9 (base 14) to base 5.
33212404
What is 67c5c5 (base 13) in base 14?
47c9b1
What is 21021100 (base 5) in base 10?
173275
What is 403504254 (base 6) in base 16?
69426a
-1001000111101000010010 (base 2) to base 10
-2390546
Convert 676039 (base 12) to base 6.
55200113
What is 100022221021 (base 3) in base 12?
8a351
Convert 131214230 (base 5) to base 16.
9e381
What is -1001101110101110 (base 2) in base 15?
-bc1e
3363143 (base 9) to base 10
1813143
7a1b4 (base 13) to base 15
45c93
What is -8115c (base 14) in base 12?
-12b726
Convert -25270 (base 13) to base 11.
-47546
Convert -4a28 (base 11) to base 2.
-1100110100100
Convert ab790 (base 12) to base 16.
3789c
What is -1198051 (base 10) in base 4?
-10210133203
-1687415 (base 9) to base 14
-1a7c88
Convert -2a12a (base 15) to base 9.
-225484
What is -268483 (base 9) in base 11?
-101a94
Convert -1111311 (base 4) to base 13.
-2667
-126236 (base 13) to base 3
-211110021122
371c1 (base 15) to base 8
527442
Convert 63b913 (base 12) to base 13.
43217a
What is -647176 (base 12) in base 3?
-2222200200200
What is 3697a (base 11) in base 4?
30331131
Convert -32b740 (base 13) to base 15.
-189753
Convert -35280 (base 15) to base 11.
-106238
What is 1d9561 (base 14) in base 7?
12015051
What is 257859 (base 11) in base 5?
100440111
What is 4b54a0 (base 14) in base 9?
4774688
-10223330012 (base 4) to base 16
-12bf06
What is -54413415 (base 6) in base 3?
-10001021112202
What is -3074 (base 8) in base 9?
-2163
What is 18822 (base 13) in base 6?
1003553
b589a (base 14) to base 8
1527360
-230221011 (base 4) to base 10
-182853
62228 (base 12) to base 8
372300
Convert 28b52 (base 12) to base 2.
1101111001101110
56753 (base 15) to base 8
1031124
2733337 (base 9) to base 13
406015
What is 2010042 (base 6) in base 16?
171aa
-10b9044 (base 13) to base 2
-10011101011111101101001
-25172 (base 12) to base 11
-34906
2352c1 (base 16) to base 12
937801
Convert 14134243 (base 10) to base 2.
110101111010101111100011
Convert 31762 (base 8) to base 4.
3033302
Convert -1614605 (base 7) to base 13.
-7a3c3
1250162 (base 12) to base 16
36bdda
-101010110101111000111 (base 2) to base 14
-28786b
What is -3452b3 (base 12) in base 13?
-234873
Convert -13301345 (base 6) to base 8.
-1542301
1e881 (base 16) to base 4
132202001
What is 211222111 (base 4) in base 13?
552a3
Convert 5b8f3c (base 16) to base 15.
7d7d99
Convert -508116 (base 10) to base 16.
-7c0d4
Convert 413030104 (base 5) to base 14.
31d95a
What is -2125430 (base 7) in base 5?
-31240324
What is -24561623 (base 8) in base 3?
-101012222121000
-122230031 (base 4) to base 13
-3a9b8
Convert -226a490 (base 11) to base 8.
-17103763
Convert -23124402 (base 5) to base 2.
-110010110011100110
What is -667a (base 11) in base 3?
-110001220
-5348214 (base 10) to base 3
-101001201101000
What is 7491386 (base 10) in base 9?
15077222
10059c (base 14) to base 2
10000011100100111110
What is 200121121111 (base 3) in base 12?
158057
-4116445 (base 9) to base 5
-1030233423
What is 12311021 (base 5) in base 9?
201840
Convert -b2598 (base 14) to base 11.
-2734a2
Convert 21100033333 (base 4) to base 14.
4720b5
Convert 10242031 (base 5) to base 7.
512025
What is 5858522 (base 9) in base 13?
86c360
14cf9 (base 16) to base 11
59052
What is 17539c (base 13) in base 12?
241361
Convert 1220221121 (base 3) to base 2.
1001001111101110
What is -a4637 (base 11) in base 2?
-100101001110110100
Convert 254011 (base 10) to base 13.
8b804
10110011000011010 (base 2) to base 7
531162
What is 12031225 (base 7) in base 8?
4043010
2503a (base 14) to base 7
525103
Convert -193829 (base 10) to base 4.
-233110211
344332 (base 6) to base 13
10577
Convert a20990 (base 14) to base 4.
110310101002
Convert b3bd (base 14) to base 8.
74333
10477613 (base 8) to base 10
2260875
What is -e055 (base 16) in base 5?
-3314204
Convert 4bb46 (base 15) to base 7.
2026011
What is -1011011100110000011 (base 2) in base 7?
-3121536
-106760 (base 14) to base 11
-34a5a2
Convert -150445340 (base 7) to base 13.
-20aa031
What is 2b84b6 (base 12) in base 4?
2310233022
23300033 (base 4) to base 3
2110001002
-100221121120 (base 3) to base 9
-327546
What is 21164522 (base 7) in base 10?
1797581
-32c2e (base 15) to base 10
-161369
What is 11211001 (base 4) in base 11?
16192
What is -1020333320 (base 4) in base 10?
-299000
-320321002 (base 5) to base 11
-834a11
Convert 18278a (base 12) to base 8.
1462732
Convert 14610622 (base 8) to base 10.
3346834
What is 113224403 (base 5) in base 15?
a52a3
-1000101100100010001111 (base 2) to base 6
-120505315
Convert 392bc4 (base 16) to base 7.
43563326
What is 2112220120 (base 3) in base 12?
250a3
40375 (base 13) to base 7
655555
What is -1232112134 (base 5) in base 11?
-1771a8a
-3815b (base 12) to base 2
-10010100111010111
Convert 1436655 (base 7) to base 3.
100212202200
Convert 346815 (base 14) to base 13.
4a6731
-130013004 (base 5) to base 10
-626004
Convert -214546436 (base 7) to base 5.
-11301412121
What is -144433424 (base 5) in base 12?
-317809
What is -100001110001001110110 (base 2) in base 9?
-2065810
Convert -5c2925 (base 14) to base 15.
-4257d2
1b4e (base 15) to base 2
1011100100100
-10011011000101010 (base 2) to base 6
-1411334
Convert -143318 (base 9) to base 5.
-10301430
Convert -34550154 (base 6) to base 5.
-233244422
What is 1010010100111110101000 (base 2) in base 3?
12002112210220
-1171044 (base 8) to base 4
-1033020210
-1a83168 (base 11) to base 16
-35751b
-345343 (base 7) to base 12
-2b9ba
4304105 (base 7) to base 2
1111111100011001011
What is -129b66c (base 14) in base 12?
-3012180
Convert 141113144 (base 5) to base 16.
b07ec
What is 7a73b (base 12) in base 7?
1250432
What is -b9125 (base 13) in base 7?
-2561116
What is 142c (base 16) in base 5?
131124
-c3ec5 (base 16) to base 15
-10cba1
Convert -13505346 (base 7) to base 5.
-310344141
Convert -91880 (base 11) to base 10.
-134156
-211320113113 (base 4) to base 11
-5672784
Convert -413431 (base 5) to base 3.
-200200022
2c661 (base 14) to base 13
3b6c1
What is 22ba4 (base 13) in base 10?
63509
-2123340 (base 7) to base 9
-433050
-243014131 (base 6) to base 2
-10001101000001101100111
Convert 1010000111011101 (base 2) to base 8.
120735
12342035 (base 8) to base 9
5131632
What is 555333 (base 7) in base 16?
17e86
Convert -6a7cc (base 13) to base 16.
-2f87f
102203233313 (base 4) to base 16
4a3bf7
-202221012010 (base 3) to base 7
-3334143
Convert 12331511 (base 6) to base 13.
1105cc
Convert 423321340 (base 5) to base 13.
4a2787
Convert -2065590 (base 10) to base 13.
-574257
Convert 20011120111 (base 3) to base 5.
12341212
What is 322144313 (base 5) in base 16?
14d64f
Convert -c1190a (base 15) to base 14.
-1309435
What is 1011111230232 (base 4) in base 13?
39c5616
What is 22353142 (base 6) in base 4?
2212322312
Convert 11221200002012 (base 3) to base 5.
1133143040
What is 2283423 (base 11) in base 4?
33031112212
-20221102102001 (base 3) to base 9
-6842361
What is 2314315 (base 7